0*g. Is v(g) prime?
False
Let s(z) = -4*z + 81. Let i be s(24). Let r be 1 + 0/3 + 35. Is i/2*(-3048)/r composite?
True
Suppose -4 + 8 = 2*r, k = r + 8187. Suppose -24*f + 9115 = -k. Is f composite?
True
Let q(z) = 3*z**2 + 22*z + 7. Let t be q(-10). Let v be t/(-29) - -447*2. Suppose -4*d - 5*k = -698, 4*d + d - 3*k - v = 0. Is d prime?
False
Suppose -4*p + 125 = v, v = 4*p - v - 110. Suppose -2746 = -p*j + 29*j + 5*a, -j + 2764 = a. Is j a prime number?
False
Suppose 25 = 5*t - 50. Let l be (-1 - (-3 - -1))*31*t. Suppose -a + 916 = -l. Is a prime?
True
Let n = 82018 - -30508. Is n a composite number?
True
Let l(c) = 4*c**2 - 25*c + 6. Let p be l(6). Suppose 4*f - k - 22648 = p, 2*f - 4869 = 4*k + 6441. Is f prime?
False
Suppose 1 = -5*b + 11. Let a be 618/b - ((-6)/(-2))/(-1). Suppose -2*l = -a - 350. Is l prime?
True
Let n(q) = -27*q - 295. Let y be n(-12). Suppose -y*s = -36*s + 112231. Is s a composite number?
False
Let f = 155 - 154. Is (f + (-91)/2)*-82 composite?
True
Let x = -43 - -51. Let r be (-3048)/x*(-3 - -2). Let d = r - 2. Is d a prime number?
True
Let c = 2130119 - 792326. Is c prime?
False
Let n = -19 - -13. Let m be 12*(-5)/(45/2)*n. Suppose -6595 = -m*x + 11*x. Is x composite?
False
Suppose 2*k + 12 = 5*k. Let l be 38/k*(3 + -4 + 3). Suppose l*w - 3*w = 13456. Is w a composite number?
True
Is (4406/(-10))/((-4)/2260) + 0/(-4) a composite number?
True
Let o(y) = 7*y**3 + 31*y**2 - 18*y - 169. Is o(21) a prime number?
True
Let k(l) = -41794*l - 17. Is k(-16) a prime number?
True
Let t = -39 + 38. Let x(w) = 1486*w**3 - w. Let y be x(t). Let j = y + 3398. Is j a composite number?
False
Suppose -8 - 7 = -3*w. Suppose 5*r + 21 = 3*m, 0*m - w = 2*m + 3*r. Suppose 2*c + m*a = 1602, -4*a = 2*c - 7*c + 3969. Is c a prime number?
True
Let t be (0 + 1)/((-5)/(-7025)). Let k = 471 - 1295. Let i = k + t. Is i a prime number?
False
Suppose 0*l + l + 2*y - 516 = 0, l = -y + 518. Let j = 293 + l. Let p = 2864 - j. Is p a composite number?
True
Is 3 + (-469584)/(-42) - 8/14 a prime number?
False
Suppose 88*x - 166*x + 1039295 = -61*x. Is x composite?
True
Let q = -195 - -79. Let h = q - -119. Is (-5284)/h*6/(-4) a composite number?
True
Let n = -37490 + 53600. Suppose 0 = 5*p + 5*j - n, -3*j + 12889 = 4*p - 0*j. Is p a composite number?
True
Let i = 462891 + -282430. Is i a composite number?
True
Let m = 326 + -294. Let f(j) = -6*j. Let b be f(-5). Suppose b*t - m*t = -2686. Is t composite?
True
Let c be 3*(2 + (-2)/6). Let g be 840/(-36)*(-6)/c. Is (-3370)/(-18) - g/126 prime?
False
Let f(s) = -372*s**2 + 6*s - 12. Let n be f(3). Let h = n - -6109. Is h composite?
False
Let h = -606 + -38. Let a be (-30)/(-4)*h/(-42). Let c = a + -38. Is c a composite number?
True
Let g(w) = 26*w**3 - w**2 + w - 1. Let v be g(-3). Let n be 6*3*(-14)/(-63). Let b = n - v. Is b a composite number?
False
Suppose -f - 3*f + 45 = -5*s, -4*s - 45 = -5*f. Is (-2)/f*(-154790)/92 a prime number?
True
Let c(b) = -4273*b - 8189. Is c(-10) a prime number?
False
Let l be 353/(-1)*(-323)/17. Suppose -2*q - 4*d + 1323 = -q, l = 5*q - 3*d. Is q composite?
True
Suppose -5964523 = -26*o - 927257. Is o composite?
False
Let o = -32 - -47. Suppose -22 = -17*y + o*y. Suppose 12664 = y*w - 20875. Is w prime?
True
Let j(v) = 1170*v + 811. Is j(102) prime?
False
Suppose -8*b - 16 = 32. Let q(y) = -y**3 - 7*y**2 - 5*y + 14. Let w be q(b). Suppose -w*v = -6*v - 1106. Is v a composite number?
True
Let b be 2/(-1*(39/6)/(-13)). Suppose -3*u = -0*i + b*i - 95767, -2*i = -4*u - 47878. Is i a composite number?
True
Let z be ((-6)/(-8))/(16/5120). Suppose -1468 + 272 = 5*v - o, 0 = v - o + z. Let s = v - -366. Is s composite?
False
Let g = 9 + -15. Let f(c) = -120*c - 4. Let o be f(g). Suppose -2*a - 1603 = -5*l, 3*l + 2*a - o - 249 = 0. Is l a prime number?
False
Let s(t) = t**2 + 1. Let k(q) = -101*q**3 + 3*q**2 + 2*q + 4. Let v(f) = k(f) - 3*s(f). Is v(-3) composite?
True
Let k = 28879 + -4352. Is k prime?
True
Let n(o) = -45*o + 1991. Is n(44) composite?
False
Suppose -25*i + 36*i = 44. Suppose -i*j + 44534 = 10*j. Is j composite?
False
Suppose 4*t + 15146 = -2*r, -6935 = 2*t + 3*r + 628. Suppose 9*g - 8*g = 2, 4*g + 21752 = 4*l. Let a = t + l. Is a a prime number?
False
Let c(h) = -13*h**3 + 9*h**2 - 8*h + 7. Let g(z) = 12*z**3 - 8*z**2 + 7*z - 7. Let r(i) = -4*c(i) - 5*g(i). Let d be r(3). Let n = -55 - d. Is n a prime number?
True
Let f(p) = 349*p - 3134. Is f(120) a prime number?
False
Let p(r) = -37052*r + 2213. Is p(-13) a composite number?
True
Let t(z) = 20*z**3 + 2*z**2 - 6*z - 2. Let c be t(5). Is -11 + 1 + 5 + c composite?
True
Suppose 0 = -3*f - w - 4*w + 16, -5*w = -10. Suppose 2*x = 4*p + 7374, 6*x - p - 14776 = f*x. Is x composite?
True
Is (-12)/18*-18 - 12828984/(-24) composite?
False
Let g = 27484 + 92782. Is g composite?
True
Let h(b) = -b**3 + 10*b**2 + 25*b - 7. Let y be h(12). Suppose 3*z - 4*a = 9547, 9*z - y*z - 12731 = 5*a. Is z composite?
True
Let d = -2540 - -1627. Let o = -527 - d. Let n = 21 + o. Is n composite?
True
Let j = -263508 - -389702. Is j a composite number?
True
Suppose 0 = 3*l - 5*q - 1041, 7*l - 5*q = 9*l - 719. Let j = l + -1333. Let m = -690 - j. Is m a composite number?
True
Let v(g) = 15723*g**2 + 34*g - 112. Is v(3) composite?
False
Let r = 48 + -43. Suppose 0*q + r*a = -3*q + 5189, -3*q + a = -5201. Is q a prime number?
True
Let o be 7*((-55)/(-35) - 1). Suppose 0 = -5*k + 20, -23*h + o*k - 3125 = -24*h. Is h a composite number?
False
Let u be 4 + 0*(-1)/3. Let a be u - 1 - 3 - -2. Is 2*-1*(-119)/a prime?
False
Let b(i) = -67106*i - 769. Is b(-1) composite?
False
Let s(a) = 189*a**3 + 9*a**2 - 10*a + 9. Let x(f) = -f**3 - f**2 + f - 1. Let j(i) = 3*i**2 + 7*i. Let q be j(-3). Let o(b) = q*x(b) + s(b). Is o(2) composite?
False
Is (-48)/(-128) - ((-12)/21 + 11092713/(-168)) composite?
False
Let h(i) = -13 + 409*i**2 - 3*i - 14*i - 410*i**2. Let j be h(8). Let u = 368 - j. Is u a composite number?
True
Let u = -217692 - -333691. Is u prime?
False
Suppose -2*h = -3*w - 125842, -2*h + 4*w = 11771 - 137617. Is h a composite number?
True
Let n = 452688 - 224705. Is n a prime number?
False
Let r(x) = 35*x - 135. Let n be r(4). Suppose -5*y - z = -19786, -10*y = -13*y - n*z + 11876. Is y prime?
False
Is (-45395598)/(-456) - (-3)/(-4) a composite number?
False
Let a(o) = o**3 - 11*o**2 - 24*o - 29. Let q be 22/33 - (-40)/3. Is a(q) prime?
True
Let z = -46688 - -175647. Is z a prime number?
True
Suppose 53 - 199 = -5*f - n, 0 = 5*f - 5*n - 140. Let w = 33 - f. Suppose -79 = -d - w*b + 60, b = -2*d + 264. Is d a composite number?
False
Suppose 89*l - 1849596 = 5*l. Is l prime?
False
Suppose 2*j = 2*b + 262 - 13816, -33901 = -5*b - 3*j. Is b a prime number?
True
Suppose -k - 179 = -184. Is 2/((-8)/(329064/205659) + k) composite?
False
Let y be 2/8*6*(-21 - -27). Is (-60)/(-135) + 1193/y prime?
False
Suppose 0 = -5*r + 6 + 19. Suppose 0 = -5*z + x + 25, -5*z = -5*x - r - 40. Suppose z*c - 29 = 27. Is c composite?
True
Let w(m) = -m**3 - 34*m**2 - 19*m + 37. Suppose 2*s - 60*s - 1972 = 0. Is w(s) a prime number?
True
Let u(k) be the second derivative of k**5/10 + 2*k**2 + 60*k. Is u(3) a composite number?
True
Suppose 9*c - 2*j = 4*c + 240359, 0 = -3*c + 5*j + 144223. Is c a composite number?
True
Suppose -5*h + 2*p = -2*h - 18, -4*p + 18 = 3*h. Suppose -b = -1, -5*a - h*b - 5 = -b. Is (-2)/((4/149)/a) a composite number?
False
Let r be ((-6)/(-4) - 24/(-8))*4618. Let k = -14702 + r. Is k a prime number?
True
Let l = 82 + -92. Let h be (35/l + 2)/((-6)/32). Suppose -12*z + h*z + 4468 = 0. Is z a composite number?
False
Let z = 97 + 6203. Suppose -11*m + 60 = -m. Suppose 0 = -m*i + 3858 + z. Is i a prime number?
True
Suppose -5*q + 9033 = -3*f - 2662, 2*q + 3*f - 4657 = 0. Suppose -1738 = -5*d + r + q, 4*d + r = 3261. Is d a prime number?
False
Suppose 37*o + 27*o = 192. Suppose 4*k + 8 = 0, -8 = -5*w + 2*k + 2*k. Suppose w = b + s - 840, -s = o*b + b - 3345. Is b a composite number?
True
Suppose 15*z + 765992 = 19*z - 4*i, -4*i = 2*z - 383026. Is z a composite number?
True
Suppose 15*j = 31*j - 152432. Is j a prime number?
False
Let f(w) = 42*w + 2*w**2 + 45*w**3 + 3 - 4 - 11. Let q be f(8). Suppose -23*z - q = -27*z. Is z prime?
False
Is 3/(-6) - 